{"id":2790,"date":"2022-12-01T13:30:29","date_gmt":"2022-12-01T12:30:29","guid":{"rendered":"http:\/\/www.netzwerk-depression-braunschweig.de\/?page_id=2790"},"modified":"2022-12-01T13:30:30","modified_gmt":"2022-12-01T12:30:30","slug":"vorgesetzte-und-kolleginnen","status":"publish","type":"page","link":"http:\/\/www.netzwerk-depression-braunschweig.de\/?page_id=2790","title":{"rendered":"Vorgesetzte und KollegInnen"},"content":{"rendered":"\n<p>M\u00f6gliche Anzeichen aus der Perspektive von Vorgesetzten und Kolleg*innen<\/p>\n\n\n\n<p>&#8211; Eingeschr\u00e4nkte Produktivit\u00e4t und Leistungsf\u00e4higkeit<\/p>\n\n\n\n<p>&#8211; Erh\u00f6hte Fehlerquoten<\/p>\n\n\n\n<p>&#8211; Vermindertes Durchhalteverm\u00f6gen<\/p>\n\n\n\n<p>&#8211; Verschiebung von Aufgaben<\/p>\n\n\n\n<p>&#8211; Vermeidung von Kontakten, sozialer R\u00fcckzug<\/p>\n\n\n\n<p>&#8211; D\u00fcnnh\u00e4utigkeit und\/oder Reizbarkeit<\/p>\n\n\n\n<p>&#8211; erh\u00f6hte Fehlzeiten, nicht Einhalten von Pausen und Arbeitszeiten<\/p>\n\n\n\n<p>&#8211; geistige Abwesenheit<\/p>\n","protected":false},"excerpt":{"rendered":"<p>M\u00f6gliche Anzeichen aus der Perspektive von Vorgesetzten und Kolleg*innen &#8211; Eingeschr\u00e4nkte Produktivit\u00e4t und Leistungsf\u00e4higkeit &#8211; Erh\u00f6hte Fehlerquoten &#8211; Vermindertes Durchhalteverm\u00f6gen &#8211; Verschiebung von Aufgaben &#8211; Vermeidung von Kontakten, sozialer R\u00fcckzug &#8211; D\u00fcnnh\u00e4utigkeit und\/oder Reizbarkeit &#8211; erh\u00f6hte Fehlzeiten, nicht Einhalten von &hellip; <a href=\"http:\/\/www.netzwerk-depression-braunschweig.de\/?page_id=2790\">Weiterlesen <span class=\"meta-nav\">&rarr;<\/span><\/a><\/p>\n","protected":false},"author":1,"featured_media":0,"parent":0,"menu_order":0,"comment_status":"closed","ping_status":"closed","template":"","meta":{"footnotes":""},"class_list":["post-2790","page","type-page","status-publish","hentry"],"_links":{"self":[{"href":"http:\/\/www.netzwerk-depression-braunschweig.de\/index.php?rest_route=\/wp\/v2\/pages\/2790","targetHints":{"allow":["GET"]}}],"collection":[{"href":"http:\/\/www.netzwerk-depression-braunschweig.de\/index.php?rest_route=\/wp\/v2\/pages"}],"about":[{"href":"http:\/\/www.netzwerk-depression-braunschweig.de\/index.php?rest_route=\/wp\/v2\/types\/page"}],"author":[{"embeddable":true,"href":"http:\/\/www.netzwerk-depression-braunschweig.de\/index.php?rest_route=\/wp\/v2\/users\/1"}],"replies":[{"embeddable":true,"href":"http:\/\/www.netzwerk-depression-braunschweig.de\/index.php?rest_route=%2Fwp%2Fv2%2Fcomments&post=2790"}],"version-history":[{"count":1,"href":"http:\/\/www.netzwerk-depression-braunschweig.de\/index.php?rest_route=\/wp\/v2\/pages\/2790\/revisions"}],"predecessor-version":[{"id":2791,"href":"http:\/\/www.netzwerk-depression-braunschweig.de\/index.php?rest_route=\/wp\/v2\/pages\/2790\/revisions\/2791"}],"wp:attachment":[{"href":"http:\/\/www.netzwerk-depression-braunschweig.de\/index.php?rest_route=%2Fwp%2Fv2%2Fmedia&parent=2790"}],"curies":[{"name":"wp","href":"https:\/\/api.w.org\/{rel}","templated":true}]}}

<p>Mögliche Anzeichen aus der Perspektive von Vorgesetzten und Kolleg*innen</p>



<p>&#8211; Eingeschränkte Produktivität und Leistungsfähigkeit</p>



<p>&#8211; Erhöhte Fehlerquoten</p>



<p>&#8211; Vermindertes Durchhaltevermögen</p>



<p>&#8211; Verschiebung von Aufgaben</p>



<p>&#8211; Vermeidung von Kontakten, sozialer Rückzug</p>



<p>&#8211; Dünnhäutigkeit und/oder Reizbarkeit</p>



<p>&#8211; erhöhte Fehlzeiten, nicht Einhalten von Pausen und Arbeitszeiten</p>



<p>&#8211; geistige Abwesenheit</p>

<p>Mögliche Anzeichen aus der Perspektive von Vorgesetzten und Kolleg*innen &#8211; Eingeschränkte Produktivität und Leistungsfähigkeit &#8211; Erhöhte Fehlerquoten &#8211; Vermindertes Durchhaltevermögen &#8211; Verschiebung von Aufgaben &#8211; Vermeidung von Kontakten, sozialer Rückzug &#8211; Dünnhäutigkeit und/oder Reizbarkeit &#8211; erhöhte Fehlzeiten, nicht Einhalten von &hellip; <a href="http://www.netzwerk-depression-braunschweig.de/?page_id=2790">Weiterlesen <span class="meta-nav">&rarr;</span></a></p>
