{"id":2787,"date":"2022-12-01T13:24:29","date_gmt":"2022-12-01T12:24:29","guid":{"rendered":"http:\/\/www.netzwerk-depression-braunschweig.de\/?page_id=2787"},"modified":"2022-12-01T13:24:30","modified_gmt":"2022-12-01T12:24:30","slug":"risikofaktoren","status":"publish","type":"page","link":"http:\/\/www.netzwerk-depression-braunschweig.de\/?page_id=2787","title":{"rendered":"Risikofaktoren"},"content":{"rendered":"\n<p>&nbsp;Bedingungen, die eine Depression am Arbeitsplatz beg\u00fcnstigen<\/p>\n\n\n\n<p>&#8211; unabh\u00e4ngig von Qualifikation oder Verantwortung<br>&#8211; Zeitdruck<br>&#8211; Leistungsdruck<br>&#8211; Mangelnde Anerkennung<br>&#8211; Ausl\u00f6ser k\u00f6nnen privater oder beruflicher Natur sein<br>&#8211; Konflikte am Arbeitsplatz<br>&#8211; aktuelle beeintr\u00e4chtigende Ereignisse<br>&#8211; betriebliche Umstrukturierungen<\/p>\n","protected":false},"excerpt":{"rendered":"<p>&nbsp;Bedingungen, die eine Depression am Arbeitsplatz beg\u00fcnstigen &#8211; unabh\u00e4ngig von Qualifikation oder Verantwortung&#8211; Zeitdruck&#8211; Leistungsdruck&#8211; Mangelnde Anerkennung&#8211; Ausl\u00f6ser k\u00f6nnen privater oder beruflicher Natur sein&#8211; Konflikte am Arbeitsplatz&#8211; aktuelle beeintr\u00e4chtigende Ereignisse&#8211; betriebliche Umstrukturierungen<\/p>\n","protected":false},"author":1,"featured_media":0,"parent":0,"menu_order":0,"comment_status":"closed","ping_status":"closed","template":"","meta":{"footnotes":""},"class_list":["post-2787","page","type-page","status-publish","hentry"],"_links":{"self":[{"href":"http:\/\/www.netzwerk-depression-braunschweig.de\/index.php?rest_route=\/wp\/v2\/pages\/2787","targetHints":{"allow":["GET"]}}],"collection":[{"href":"http:\/\/www.netzwerk-depression-braunschweig.de\/index.php?rest_route=\/wp\/v2\/pages"}],"about":[{"href":"http:\/\/www.netzwerk-depression-braunschweig.de\/index.php?rest_route=\/wp\/v2\/types\/page"}],"author":[{"embeddable":true,"href":"http:\/\/www.netzwerk-depression-braunschweig.de\/index.php?rest_route=\/wp\/v2\/users\/1"}],"replies":[{"embeddable":true,"href":"http:\/\/www.netzwerk-depression-braunschweig.de\/index.php?rest_route=%2Fwp%2Fv2%2Fcomments&post=2787"}],"version-history":[{"count":1,"href":"http:\/\/www.netzwerk-depression-braunschweig.de\/index.php?rest_route=\/wp\/v2\/pages\/2787\/revisions"}],"predecessor-version":[{"id":2788,"href":"http:\/\/www.netzwerk-depression-braunschweig.de\/index.php?rest_route=\/wp\/v2\/pages\/2787\/revisions\/2788"}],"wp:attachment":[{"href":"http:\/\/www.netzwerk-depression-braunschweig.de\/index.php?rest_route=%2Fwp%2Fv2%2Fmedia&parent=2787"}],"curies":[{"name":"wp","href":"https:\/\/api.w.org\/{rel}","templated":true}]}}

<p>&nbsp;Bedingungen, die eine Depression am Arbeitsplatz begünstigen</p>



<p>&#8211; unabhängig von Qualifikation oder Verantwortung<br>&#8211; Zeitdruck<br>&#8211; Leistungsdruck<br>&#8211; Mangelnde Anerkennung<br>&#8211; Auslöser können privater oder beruflicher Natur sein<br>&#8211; Konflikte am Arbeitsplatz<br>&#8211; aktuelle beeinträchtigende Ereignisse<br>&#8211; betriebliche Umstrukturierungen</p>

<p>&nbsp;Bedingungen, die eine Depression am Arbeitsplatz begünstigen &#8211; unabhängig von Qualifikation oder Verantwortung&#8211; Zeitdruck&#8211; Leistungsdruck&#8211; Mangelnde Anerkennung&#8211; Auslöser können privater oder beruflicher Natur sein&#8211; Konflikte am Arbeitsplatz&#8211; aktuelle beeinträchtigende Ereignisse&#8211; betriebliche Umstrukturierungen</p>
