{"id":2532,"date":"2020-05-20T12:08:54","date_gmt":"2020-05-20T10:08:54","guid":{"rendered":"http:\/\/www.netzwerk-depression-braunschweig.de\/?page_id=2532"},"modified":"2020-05-20T12:10:41","modified_gmt":"2020-05-20T10:10:41","slug":"woran-erkenne-ich-eine-depression","status":"publish","type":"page","link":"http:\/\/www.netzwerk-depression-braunschweig.de\/?page_id=2532","title":{"rendered":"Woran erkenne ich eine Depression?"},"content":{"rendered":"\n<p>Eine Depression kann sich sowohl seelisch als auch k\u00f6rperlich bemerkbar machen. Die gesamte Lebensf\u00fchrung kann durch eine Depression beeintr\u00e4chtigt sein. Die Krankheitszeichen&nbsp;lassen sich in Haupt-und in Zusatzsymptome unterscheiden:<\/p>\n\n\n\n<p><strong>Hauptsymptome:<\/strong><br>Gedr\u00fcckte Stimmung<br>Interessenverlust, Freudlosigkeit<br>Antriebsmangel<br><strong>Zusatzsymptome:&nbsp;<\/strong><br>Verminderte Konzentration und Aufmerksamkeit<br>Vermindertes Selbstwertgef\u00fchl und Selbstvertrauen<br>Gef\u00fchle von Schuld und Wertlosigkeit<br>Schlafst\u00f6rungen<br>Verminderter, selten auch gesteigerter Appetit&nbsp;<br>Negative und pessimistische Zukunftsperspektiven<br>Suizidgedanken und -handlungen&nbsp;<\/p>\n\n\n\n<p><a href=\"https:\/\/www.stiftung-gesundheitswissen.de\/wissen\/depression\/hintergrund\">https:\/\/www.stiftung-gesundheitswissen.de\/wissen\/depression\/hintergrund<\/a><\/p>\n","protected":false},"excerpt":{"rendered":"<p>Eine Depression kann sich sowohl seelisch als auch k\u00f6rperlich bemerkbar machen. Die gesamte Lebensf\u00fchrung kann durch eine Depression beeintr\u00e4chtigt sein. Die Krankheitszeichen&nbsp;lassen sich in Haupt-und in Zusatzsymptome unterscheiden: Hauptsymptome:Gedr\u00fcckte StimmungInteressenverlust, FreudlosigkeitAntriebsmangelZusatzsymptome:&nbsp;Verminderte Konzentration und AufmerksamkeitVermindertes Selbstwertgef\u00fchl und SelbstvertrauenGef\u00fchle von Schuld und &hellip; <a href=\"http:\/\/www.netzwerk-depression-braunschweig.de\/?page_id=2532\">Weiterlesen <span class=\"meta-nav\">&rarr;<\/span><\/a><\/p>\n","protected":false},"author":1,"featured_media":0,"parent":0,"menu_order":0,"comment_status":"closed","ping_status":"closed","template":"","meta":{"footnotes":""},"class_list":["post-2532","page","type-page","status-publish","hentry"],"_links":{"self":[{"href":"http:\/\/www.netzwerk-depression-braunschweig.de\/index.php?rest_route=\/wp\/v2\/pages\/2532","targetHints":{"allow":["GET"]}}],"collection":[{"href":"http:\/\/www.netzwerk-depression-braunschweig.de\/index.php?rest_route=\/wp\/v2\/pages"}],"about":[{"href":"http:\/\/www.netzwerk-depression-braunschweig.de\/index.php?rest_route=\/wp\/v2\/types\/page"}],"author":[{"embeddable":true,"href":"http:\/\/www.netzwerk-depression-braunschweig.de\/index.php?rest_route=\/wp\/v2\/users\/1"}],"replies":[{"embeddable":true,"href":"http:\/\/www.netzwerk-depression-braunschweig.de\/index.php?rest_route=%2Fwp%2Fv2%2Fcomments&post=2532"}],"version-history":[{"count":2,"href":"http:\/\/www.netzwerk-depression-braunschweig.de\/index.php?rest_route=\/wp\/v2\/pages\/2532\/revisions"}],"predecessor-version":[{"id":2535,"href":"http:\/\/www.netzwerk-depression-braunschweig.de\/index.php?rest_route=\/wp\/v2\/pages\/2532\/revisions\/2535"}],"wp:attachment":[{"href":"http:\/\/www.netzwerk-depression-braunschweig.de\/index.php?rest_route=%2Fwp%2Fv2%2Fmedia&parent=2532"}],"curies":[{"name":"wp","href":"https:\/\/api.w.org\/{rel}","templated":true}]}}

<p>Eine Depression kann sich sowohl seelisch als auch körperlich bemerkbar machen. Die gesamte Lebensführung kann durch eine Depression beeinträchtigt sein. Die Krankheitszeichen&nbsp;lassen sich in Haupt-und in Zusatzsymptome unterscheiden:</p>



<p><strong>Hauptsymptome:</strong><br>Gedrückte Stimmung<br>Interessenverlust, Freudlosigkeit<br>Antriebsmangel<br><strong>Zusatzsymptome:&nbsp;</strong><br>Verminderte Konzentration und Aufmerksamkeit<br>Vermindertes Selbstwertgefühl und Selbstvertrauen<br>Gefühle von Schuld und Wertlosigkeit<br>Schlafstörungen<br>Verminderter, selten auch gesteigerter Appetit&nbsp;<br>Negative und pessimistische Zukunftsperspektiven<br>Suizidgedanken und -handlungen&nbsp;</p>



<p><a href="https://www.stiftung-gesundheitswissen.de/wissen/depression/hintergrund">https://www.stiftung-gesundheitswissen.de/wissen/depression/hintergrund</a></p>

<p>Eine Depression kann sich sowohl seelisch als auch körperlich bemerkbar machen. Die gesamte Lebensführung kann durch eine Depression beeinträchtigt sein. Die Krankheitszeichen&nbsp;lassen sich in Haupt-und in Zusatzsymptome unterscheiden: Hauptsymptome:Gedrückte StimmungInteressenverlust, FreudlosigkeitAntriebsmangelZusatzsymptome:&nbsp;Verminderte Konzentration und AufmerksamkeitVermindertes Selbstwertgefühl und SelbstvertrauenGefühle von Schuld und &hellip; <a href="http://www.netzwerk-depression-braunschweig.de/?page_id=2532">Weiterlesen <span class="meta-nav">&rarr;</span></a></p>
