{"id":1066,"date":"2014-06-26T13:51:28","date_gmt":"2014-06-26T11:51:28","guid":{"rendered":"http:\/\/www.netzwerk-depression-braunschweig.de\/?page_id=1066"},"modified":"2023-08-22T13:23:26","modified_gmt":"2023-08-22T11:23:26","slug":"hilfen-fuer-kinder-und-jugendliche","status":"publish","type":"page","link":"http:\/\/www.netzwerk-depression-braunschweig.de\/?page_id=1066","title":{"rendered":"Depressionen bei Kindern und Jugendlichen"},"content":{"rendered":"\n<p>Depressionen bei Kindern und Jugendlichen haben nichts zu tun mit schlechten Erfahrungen in der Pubert\u00e4t, Hormonst\u00f6rungen oder einer ungl\u00fccklichen Liebe. Tats\u00e4chlich sind auch in diesem Alter Depressionen eine ernst zu nehmende Krankheit.<br>Bis zu 20 % der Jugendlichen haben depressive Phasen, bevor sie erwachsen sind. Meist sind diese Phasen gekennzeichnet von Schulproblemen, \u00c4rger zu Hause, Gewalt gegen andere oder Drogenmissbrauch.<br>F\u00fcr Kinder ist insbesondere eine intakte Familie wichtig. Ausl\u00f6ser einer Depression bei Kindern k\u00f6nnen sein:<\/p>\n\n\n\n<ul class=\"wp-block-list\">\n<li>Tod von Mutter oder Vater<\/li>\n\n\n\n<li>Tod von Geschwistern<\/li>\n\n\n\n<li>Sucht und Depression der Eltern<\/li>\n\n\n\n<li>Missbrauch<\/li>\n\n\n\n<li>Vernachl\u00e4ssigung<\/li>\n<\/ul>\n\n\n\n<p>Kinder sind seelisch verletzlicher als Erwachsene, wobei nicht jedes Kind das einschneidende Lebensereignisse zu verkraften hat, an Depressionen erkrankt. Ein Kind, das bereits viel erlebt hat, ist vielleicht bei der n\u00e4chsten gr\u00f6\u00dferen Herausforderung \u00fcberlastet.<br>Einige Jugendliche erkranken aufgrund ihrer Umgebung, also z.B. dem Elternhaus, das nicht ausreichend Halt gibt, weil etwa Mutter und Vater sich dauernd zanken oder auseinander gehen. Andere wiederum erkranken aufgrund ihrer Herkunft, ihres sozialen Status oder ihrer nicht \u201cgesellschaftsf\u00e4higen\u201d Sexualit\u00e4t (z.B. bei Homosexualit\u00e4t).<br>F\u00fcr Eltern ist es sehr wichtig, ihre Kinder zu beobachten, wenn sich pl\u00f6tzliche Verhaltens\u00e4nderungen zeigen. Wenn sich solche Ver\u00e4nderungen zeigen, ist es sehr wichtig, das Gespr\u00e4ch zu suchen, um m\u00f6gliche Probleme zu erkennen und darauf reagieren zu k\u00f6nnen.<\/p>\n\n\n\n<p>Einen weiterf\u00fchrenden Artikel zum Thema Depression <a href=\"https:\/\/starkekids.com\/depressionen-bei-kindern\/\">bei Kindern, finden sie bei &#8222;Starke Kids&#8220;.<\/a><\/p>\n","protected":false},"excerpt":{"rendered":"<p>Depressionen bei Kindern und Jugendlichen haben nichts zu tun mit schlechten Erfahrungen in der Pubert\u00e4t, Hormonst\u00f6rungen oder einer ungl\u00fccklichen Liebe. Tats\u00e4chlich sind auch in diesem Alter Depressionen eine ernst zu nehmende Krankheit.Bis zu 20 % der Jugendlichen haben depressive Phasen, &hellip; <a href=\"http:\/\/www.netzwerk-depression-braunschweig.de\/?page_id=1066\">Weiterlesen <span class=\"meta-nav\">&rarr;<\/span><\/a><\/p>\n","protected":false},"author":1,"featured_media":0,"parent":1255,"menu_order":0,"comment_status":"closed","ping_status":"closed","template":"sidebar-page.php","meta":{"footnotes":""},"class_list":["post-1066","page","type-page","status-publish","hentry"],"_links":{"self":[{"href":"http:\/\/www.netzwerk-depression-braunschweig.de\/index.php?rest_route=\/wp\/v2\/pages\/1066","targetHints":{"allow":["GET"]}}],"collection":[{"href":"http:\/\/www.netzwerk-depression-braunschweig.de\/index.php?rest_route=\/wp\/v2\/pages"}],"about":[{"href":"http:\/\/www.netzwerk-depression-braunschweig.de\/index.php?rest_route=\/wp\/v2\/types\/page"}],"author":[{"embeddable":true,"href":"http:\/\/www.netzwerk-depression-braunschweig.de\/index.php?rest_route=\/wp\/v2\/users\/1"}],"replies":[{"embeddable":true,"href":"http:\/\/www.netzwerk-depression-braunschweig.de\/index.php?rest_route=%2Fwp%2Fv2%2Fcomments&post=1066"}],"version-history":[{"count":15,"href":"http:\/\/www.netzwerk-depression-braunschweig.de\/index.php?rest_route=\/wp\/v2\/pages\/1066\/revisions"}],"predecessor-version":[{"id":2849,"href":"http:\/\/www.netzwerk-depression-braunschweig.de\/index.php?rest_route=\/wp\/v2\/pages\/1066\/revisions\/2849"}],"up":[{"embeddable":true,"href":"http:\/\/www.netzwerk-depression-braunschweig.de\/index.php?rest_route=\/wp\/v2\/pages\/1255"}],"wp:attachment":[{"href":"http:\/\/www.netzwerk-depression-braunschweig.de\/index.php?rest_route=%2Fwp%2Fv2%2Fmedia&parent=1066"}],"curies":[{"name":"wp","href":"https:\/\/api.w.org\/{rel}","templated":true}]}}

<p>Depressionen bei Kindern und Jugendlichen haben nichts zu tun mit schlechten Erfahrungen in der Pubertät, Hormonstörungen oder einer unglücklichen Liebe. Tatsächlich sind auch in diesem Alter Depressionen eine ernst zu nehmende Krankheit.<br>Bis zu 20 % der Jugendlichen haben depressive Phasen, bevor sie erwachsen sind. Meist sind diese Phasen gekennzeichnet von Schulproblemen, Ärger zu Hause, Gewalt gegen andere oder Drogenmissbrauch.<br>Für Kinder ist insbesondere eine intakte Familie wichtig. Auslöser einer Depression bei Kindern können sein:</p>



<ul class="wp-block-list">
<li>Tod von Mutter oder Vater</li>



<li>Tod von Geschwistern</li>



<li>Sucht und Depression der Eltern</li>



<li>Missbrauch</li>



<li>Vernachlässigung</li>
</ul>



<p>Kinder sind seelisch verletzlicher als Erwachsene, wobei nicht jedes Kind das einschneidende Lebensereignisse zu verkraften hat, an Depressionen erkrankt. Ein Kind, das bereits viel erlebt hat, ist vielleicht bei der nächsten größeren Herausforderung überlastet.<br>Einige Jugendliche erkranken aufgrund ihrer Umgebung, also z.B. dem Elternhaus, das nicht ausreichend Halt gibt, weil etwa Mutter und Vater sich dauernd zanken oder auseinander gehen. Andere wiederum erkranken aufgrund ihrer Herkunft, ihres sozialen Status oder ihrer nicht “gesellschaftsfähigen” Sexualität (z.B. bei Homosexualität).<br>Für Eltern ist es sehr wichtig, ihre Kinder zu beobachten, wenn sich plötzliche Verhaltensänderungen zeigen. Wenn sich solche Veränderungen zeigen, ist es sehr wichtig, das Gespräch zu suchen, um mögliche Probleme zu erkennen und darauf reagieren zu können.</p>



<p>Einen weiterführenden Artikel zum Thema Depression <a href="https://starkekids.com/depressionen-bei-kindern/">bei Kindern, finden sie bei &#8222;Starke Kids&#8220;.</a></p>

<p>Depressionen bei Kindern und Jugendlichen haben nichts zu tun mit schlechten Erfahrungen in der Pubertät, Hormonstörungen oder einer unglücklichen Liebe. Tatsächlich sind auch in diesem Alter Depressionen eine ernst zu nehmende Krankheit.Bis zu 20 % der Jugendlichen haben depressive Phasen, &hellip; <a href="http://www.netzwerk-depression-braunschweig.de/?page_id=1066">Weiterlesen <span class="meta-nav">&rarr;</span></a></p>
